{"id":26802,"date":"2020-06-15T05:05:39","date_gmt":"2020-06-15T03:05:39","guid":{"rendered":"https:\/\/www.czechcyclingfederation.com\/?post_type=procleny&#038;p=26802"},"modified":"2023-08-23T13:57:27","modified_gmt":"2023-08-23T11:57:27","slug":"gdpr","status":"publish","type":"procleny","link":"https:\/\/www.czechcyclingfederation.com\/en\/procleny\/gdpr\/","title":{"rendered":"GDPR"},"content":{"rendered":"\n<h2 class=\"wp-block-heading\">Documents<\/h2>\n\n\n<div class=\"wp-block-file\">\r\n                <a target=\"_blank\" rel=\"noopener\" href=\"https:\/\/www.czechcyclingfederation.com\/wp-content\/uploads\/2020\/06\/Informace-o-zpracov\u00e1n\u00ed-osobn\u00edch-\u00fadaj\u016f.pdf\" class=\"wp-block-file__button wp-element-button\">\r\n                    <span class=\"wp-block-file__icon\"><\/span>\r\n                    INFORMACE O ZPRACOV\u00c1N\u00cd OSOBN\u00cdCH \u00daDAJ\u016e V SOUVISLOSTI S JEJICH ZVE\u0158EJN\u011aN\u00cdM NA WEBOV\u00ddCH STR\u00c1NK\u00c1CH SPR\u00c1VCE\r\n                <\/a>\r\n            <\/div>\n\n<div class=\"wp-block-file\">\r\n                <a target=\"_blank\" rel=\"noopener\" href=\"https:\/\/www.czechcyclingfederation.com\/wp-content\/uploads\/2020\/06\/Informace-o-zpracov\u00e1n\u00ed-osobn\u00edch_DR\u017dITEL\u00c9-LICENCE.pdf\" class=\"wp-block-file__button wp-element-button\">\r\n                    <span class=\"wp-block-file__icon\"><\/span>\r\n                    INFORMACE O ZPRACOV\u00c1N\u00cd OSOBN\u00cdCH \u00daDAJ\u016e \u2013 \u017dADATEL\u00c9 A DR\u017dITEL\u00c9 LICENCE&nbsp;\r\n                <\/a>\r\n            <\/div>\n\n<div class=\"wp-block-file\">\r\n                <a target=\"_blank\" rel=\"noopener\" href=\"https:\/\/www.czechcyclingfederation.com\/wp-content\/uploads\/2020\/06\/\u017d\u00e1dost-subjektu-\u00fadaj\u016f.pdf\" class=\"wp-block-file__button wp-element-button\">\r\n                    <span class=\"wp-block-file__icon\"><\/span>\r\n                    \u017d\u00c1DOST O UPLATN\u011aN\u00cd PR\u00c1V SUBJEKTU \u00daDAJ\u016e\r\n                <\/a>\r\n            <\/div>\n\n<div class=\"wp-block-file\">\r\n                <a target=\"_blank\" rel=\"noopener\" href=\"https:\/\/www.czechcyclingfederation.com\/wp-content\/uploads\/2020\/06\/Informace-o-zpracov\u00e1n\u00ed-osobn\u00edch-\u00fadaj\u016f_ZAM\u011aSTNANCI.pdf\" class=\"wp-block-file__button wp-element-button\">\r\n                    <span class=\"wp-block-file__icon\"><\/span>\r\n                    INFORMACE O ZPRACOV\u00c1N\u00cd OSOBN\u00cdCH \u00daDAJ\u016e \u2013 ZAM\u011aSTNANCI\r\n                <\/a>\r\n            <\/div>\n\n<div class=\"wp-block-file\">\r\n                <a target=\"_blank\" rel=\"noopener\" href=\"https:\/\/www.czechcyclingfederation.com\/wp-content\/uploads\/2020\/06\/Informace-o-zpracov\u00e1n\u00ed-osobn\u00edch-\u00fadaj\u016f_UCHAZE\u010cI.pdf\" class=\"wp-block-file__button wp-element-button\">\r\n                    <span class=\"wp-block-file__icon\"><\/span>\r\n                    INFORMACE O ZPRACOV\u00c1N\u00cd OSOBN\u00cdCH \u00daDAJ\u016e \u2013 ZAM\u011aSTNANCI&nbsp;\r\n                <\/a>\r\n            <\/div>","protected":false},"excerpt":{"rendered":"<p>Documents<\/p>\n","protected":false},"featured_media":37481,"menu_order":0,"template":"","format":"standard","categories":[48],"tags":[],"clenstvi":[],"testing":[],"barva":[],"class_list":["post-26802","procleny","type-procleny","status-publish","format-standard","has-post-thumbnail","hentry","category-gdpr"],"_links":{"self":[{"href":"https:\/\/www.czechcyclingfederation.com\/en\/wp-json\/wp\/v2\/procleny\/26802","targetHints":{"allow":["GET"]}}],"collection":[{"href":"https:\/\/www.czechcyclingfederation.com\/en\/wp-json\/wp\/v2\/procleny"}],"about":[{"href":"https:\/\/www.czechcyclingfederation.com\/en\/wp-json\/wp\/v2\/types\/procleny"}],"wp:featuredmedia":[{"embeddable":true,"href":"https:\/\/www.czechcyclingfederation.com\/en\/wp-json\/wp\/v2\/media\/37481"}],"wp:attachment":[{"href":"https:\/\/www.czechcyclingfederation.com\/en\/wp-json\/wp\/v2\/media?parent=26802"}],"wp:term":[{"taxonomy":"category","embeddable":true,"href":"https:\/\/www.czechcyclingfederation.com\/en\/wp-json\/wp\/v2\/categories?post=26802"},{"taxonomy":"post_tag","embeddable":true,"href":"https:\/\/www.czechcyclingfederation.com\/en\/wp-json\/wp\/v2\/tags?post=26802"},{"taxonomy":"clenstvi","embeddable":true,"href":"https:\/\/www.czechcyclingfederation.com\/en\/wp-json\/wp\/v2\/clenstvi?post=26802"},{"taxonomy":"testing","embeddable":true,"href":"https:\/\/www.czechcyclingfederation.com\/en\/wp-json\/wp\/v2\/testing?post=26802"},{"taxonomy":"barva","embeddable":true,"href":"https:\/\/www.czechcyclingfederation.com\/en\/wp-json\/wp\/v2\/barva?post=26802"}],"curies":[{"name":"wp","href":"https:\/\/api.w.org\/{rel}","templated":true}]}}

<h2 class="wp-block-heading">Documents</h2>


<div class="wp-block-file">
                <a target="_blank" rel="noopener" href="https://www.czechcyclingfederation.com/wp-content/uploads/2020/06/Informace-o-zpracování-osobních-údajů.pdf" class="wp-block-file__button wp-element-button">
                    <span class="wp-block-file__icon"></span>
                    INFORMACE O ZPRACOVÁNÍ OSOBNÍCH ÚDAJŮ V SOUVISLOSTI S JEJICH ZVEŘEJNĚNÍM NA WEBOVÝCH STRÁNKÁCH SPRÁVCE
                </a>
            </div>

<div class="wp-block-file">
                <a target="_blank" rel="noopener" href="https://www.czechcyclingfederation.com/wp-content/uploads/2020/06/Informace-o-zpracování-osobních_DRŽITELÉ-LICENCE.pdf" class="wp-block-file__button wp-element-button">
                    <span class="wp-block-file__icon"></span>
                    INFORMACE O ZPRACOVÁNÍ OSOBNÍCH ÚDAJŮ – ŽADATELÉ A DRŽITELÉ LICENCE&nbsp;
                </a>
            </div>

<div class="wp-block-file">
                <a target="_blank" rel="noopener" href="https://www.czechcyclingfederation.com/wp-content/uploads/2020/06/Žádost-subjektu-údajů.pdf" class="wp-block-file__button wp-element-button">
                    <span class="wp-block-file__icon"></span>
                    ŽÁDOST O UPLATNĚNÍ PRÁV SUBJEKTU ÚDAJŮ
                </a>
            </div>

<div class="wp-block-file">
                <a target="_blank" rel="noopener" href="https://www.czechcyclingfederation.com/wp-content/uploads/2020/06/Informace-o-zpracování-osobních-údajů_ZAMĚSTNANCI.pdf" class="wp-block-file__button wp-element-button">
                    <span class="wp-block-file__icon"></span>
                    INFORMACE O ZPRACOVÁNÍ OSOBNÍCH ÚDAJŮ – ZAMĚSTNANCI
                </a>
            </div>

<div class="wp-block-file">
                <a target="_blank" rel="noopener" href="https://www.czechcyclingfederation.com/wp-content/uploads/2020/06/Informace-o-zpracování-osobních-údajů_UCHAZEČI.pdf" class="wp-block-file__button wp-element-button">
                    <span class="wp-block-file__icon"></span>
                    INFORMACE O ZPRACOVÁNÍ OSOBNÍCH ÚDAJŮ – ZAMĚSTNANCI&nbsp;
                </a>
            </div>
