{"id":40108,"date":"2026-03-09T15:46:29","date_gmt":"2026-03-09T14:46:29","guid":{"rendered":"https:\/\/www.czechcyclingfederation.com\/?page_id=40108"},"modified":"2026-03-09T15:46:31","modified_gmt":"2026-03-09T14:46:31","slug":"cyklistika-pro-vsechny-hobby-zavody","status":"publish","type":"page","link":"https:\/\/www.czechcyclingfederation.com\/en\/cyklistika-pro-vsechny-hobby-zavody\/","title":{"rendered":"Cyklistika pro v\u0161echny &#8211; Hobby z\u00e1vody"},"content":{"rendered":"\n<p>Hobby z\u00e1vody tvo\u0159\u00ed v\u00fdznamnou sou\u010d\u00e1st cyklistick\u00e9ho prost\u0159ed\u00ed a ka\u017edoro\u010dn\u011b p\u0159iv\u00e1d\u011bj\u00ed na start tis\u00edce rekrea\u010dn\u00edch i v\u00fdkonnostn\u00edch jezdc\u016f. Tyto akce jsou ur\u010deny \u0161irok\u00e9 ve\u0159ejnosti a nab\u00edzej\u00ed mo\u017enost za\u017e\u00edt atmosf\u00e9ru cyklistick\u00e9ho z\u00e1vodu bez nutnosti dlouhodob\u00e9 \u00fa\u010dasti v seri\u00e1lu nebo registrace ve sportovn\u00edm klubu.<\/p>\n\n\n\n<p>Do t\u00e9to kategorie pat\u0159\u00ed velk\u00e9 jednor\u00e1zov\u00e9 akce a popul\u00e1rn\u00ed s\u00e9rie z\u00e1vod\u016f, jako nap\u0159\u00edklad&nbsp;<strong>L\u2019\u00c9tape Czech Republic by Tour de France<\/strong>,&nbsp;<strong>Road Classics<\/strong>&nbsp;nebo&nbsp;<strong>Kolo pro \u017eivot<\/strong>. Tyto projekty ka\u017edoro\u010dn\u011b p\u0159itahuj\u00ed tis\u00edce \u00fa\u010dastn\u00edk\u016f a v\u00fdznamn\u011b p\u0159isp\u00edvaj\u00ed k popularizaci cyklistiky mezi \u0161irokou ve\u0159ejnost\u00ed.<\/p>\n\n\n\n<p>Hobby z\u00e1vody nab\u00edzej\u00ed r\u016fzn\u00e9 typy trat\u00ed i obt\u00ed\u017enost\u00ed \u2013 od krat\u0161\u00edch tras pro rekrea\u010dn\u00ed cyklisty a\u017e po n\u00e1ro\u010dn\u00e9 v\u00fdzvy pro zku\u0161en\u00e9 jezdce. D\u00edky profesion\u00e1ln\u00ed organizaci, atraktivn\u00edm lokalit\u00e1m a siln\u00e9 atmosf\u00e9\u0159e p\u0159edstavuj\u00ed ide\u00e1ln\u00ed p\u0159\u00edle\u017eitost, jak si vyzkou\u0161et z\u00e1vodn\u00ed cyklistiku a z\u00e1rove\u0148 si u\u017e\u00edt sportovn\u00ed den v komunit\u011b dal\u0161\u00edch cyklist\u016f.<\/p>\n\n\n\n<p>Tyto akce maj\u00ed tak\u00e9 d\u016fle\u017eit\u00fd spole\u010densk\u00fd rozm\u011br. \u010casto zahrnuj\u00ed doprovodn\u00e9 programy pro rodiny, d\u011btsk\u00e9 z\u00e1vody nebo komunitn\u00ed aktivity a pom\u00e1haj\u00ed budovat pozitivn\u00ed vztah k cyklistice nap\u0159\u00ed\u010d generacemi. Pro mnoho \u00fa\u010dastn\u00edk\u016f jsou hobby z\u00e1vody prvn\u00edm krokem k pravideln\u00e9mu sportov\u00e1n\u00ed nebo k dal\u0161\u00edmu zapojen\u00ed do organizovan\u00e9 cyklistiky.<\/p>\n\n\n\n<p><\/p>\n","protected":false},"excerpt":{"rendered":"<p>Hobby z\u00e1vody tvo\u0159\u00ed v\u00fdznamnou sou\u010d\u00e1st cyklistick\u00e9ho prost\u0159ed\u00ed a ka\u017edoro\u010dn\u011b p\u0159iv\u00e1d\u011bj\u00ed na start tis\u00edce rekrea\u010dn\u00edch i v\u00fdkonnostn\u00edch jezdc\u016f. Tyto akce jsou ur\u010deny \u0161irok\u00e9 ve\u0159ejnosti a nab\u00edzej\u00ed mo\u017enost za\u017e\u00edt atmosf\u00e9ru cyklistick\u00e9ho z\u00e1vodu bez nutnosti dlouhodob\u00e9 \u00fa\u010dasti v seri\u00e1lu nebo registrace ve sportovn\u00edm klubu. Do t\u00e9to kategorie pat\u0159\u00ed velk\u00e9 jednor\u00e1zov\u00e9 akce a popul\u00e1rn\u00ed s\u00e9rie z\u00e1vod\u016f, jako nap\u0159\u00edklad&nbsp;L\u2019\u00c9tape Czech [&hellip;]<\/p>\n","protected":false},"author":14,"featured_media":40109,"parent":0,"menu_order":0,"comment_status":"closed","ping_status":"closed","template":"disciplina-page.php","meta":{"footnotes":""},"class_list":["post-40108","page","type-page","status-publish","has-post-thumbnail","hentry"],"_links":{"self":[{"href":"https:\/\/www.czechcyclingfederation.com\/en\/wp-json\/wp\/v2\/pages\/40108","targetHints":{"allow":["GET"]}}],"collection":[{"href":"https:\/\/www.czechcyclingfederation.com\/en\/wp-json\/wp\/v2\/pages"}],"about":[{"href":"https:\/\/www.czechcyclingfederation.com\/en\/wp-json\/wp\/v2\/types\/page"}],"author":[{"embeddable":true,"href":"https:\/\/www.czechcyclingfederation.com\/en\/wp-json\/wp\/v2\/users\/14"}],"replies":[{"embeddable":true,"href":"https:\/\/www.czechcyclingfederation.com\/en\/wp-json\/wp\/v2\/comments?post=40108"}],"version-history":[{"count":1,"href":"https:\/\/www.czechcyclingfederation.com\/en\/wp-json\/wp\/v2\/pages\/40108\/revisions"}],"predecessor-version":[{"id":40111,"href":"https:\/\/www.czechcyclingfederation.com\/en\/wp-json\/wp\/v2\/pages\/40108\/revisions\/40111"}],"wp:featuredmedia":[{"embeddable":true,"href":"https:\/\/www.czechcyclingfederation.com\/en\/wp-json\/wp\/v2\/media\/40109"}],"wp:attachment":[{"href":"https:\/\/www.czechcyclingfederation.com\/en\/wp-json\/wp\/v2\/media?parent=40108"}],"curies":[{"name":"wp","href":"https:\/\/api.w.org\/{rel}","templated":true}]}}

Cyklistika pro všechny &#8211; Hobby závody

<p>Hobby závody tvoří významnou součást cyklistického prostředí a každoročně přivádějí na start tisíce rekreačních i výkonnostních jezdců. Tyto akce jsou určeny široké veřejnosti a nabízejí možnost zažít atmosféru cyklistického závodu bez nutnosti dlouhodobé účasti v seriálu nebo registrace ve sportovním klubu.</p>



<p>Do této kategorie patří velké jednorázové akce a populární série závodů, jako například&nbsp;<strong>L’Étape Czech Republic by Tour de France</strong>,&nbsp;<strong>Road Classics</strong>&nbsp;nebo&nbsp;<strong>Kolo pro život</strong>. Tyto projekty každoročně přitahují tisíce účastníků a významně přispívají k popularizaci cyklistiky mezi širokou veřejností.</p>



<p>Hobby závody nabízejí různé typy tratí i obtížností – od kratších tras pro rekreační cyklisty až po náročné výzvy pro zkušené jezdce. Díky profesionální organizaci, atraktivním lokalitám a silné atmosféře představují ideální příležitost, jak si vyzkoušet závodní cyklistiku a zároveň si užít sportovní den v komunitě dalších cyklistů.</p>



<p>Tyto akce mají také důležitý společenský rozměr. Často zahrnují doprovodné programy pro rodiny, dětské závody nebo komunitní aktivity a pomáhají budovat pozitivní vztah k cyklistice napříč generacemi. Pro mnoho účastníků jsou hobby závody prvním krokem k pravidelnému sportování nebo k dalšímu zapojení do organizované cyklistiky.</p>



<p></p>

<p>Hobby závody tvoří významnou součást cyklistického prostředí a každoročně přivádějí na start tisíce rekreačních i výkonnostních jezdců. Tyto akce jsou určeny široké veřejnosti a nabízejí možnost zažít atmosféru cyklistického závodu bez nutnosti dlouhodobé účasti v seriálu nebo registrace ve sportovním klubu. Do této kategorie patří velké jednorázové akce a populární série závodů, jako například&nbsp;L’Étape Czech [&hellip;]</p>
