{"id":1605,"date":"2020-07-28T02:22:33","date_gmt":"2020-07-28T00:22:33","guid":{"rendered":"http:\/\/www.czechcyclingfederation.com\/?post_type=kralcyklistiky&#038;p=1605"},"modified":"2020-07-28T02:22:33","modified_gmt":"2020-07-28T00:22:33","slug":"2001-tomas-konecny","status":"publish","type":"kralcyklistiky","link":"https:\/\/www.czechcyclingfederation.com\/en\/kralcyklistiky\/2001-tomas-konecny\/","title":{"rendered":"2001 \u2013 Tom\u00e1\u0161 Kone\u010dn\u00fd"},"content":{"rendered":"","protected":false},"excerpt":{"rendered":"","protected":false},"featured_media":514,"template":"","categories":[],"tags":[11],"class_list":["post-1605","kralcyklistiky","type-kralcyklistiky","status-publish","has-post-thumbnail","hentry","tag-silnice"],"_links":{"self":[{"href":"https:\/\/www.czechcyclingfederation.com\/en\/wp-json\/wp\/v2\/kralcyklistiky\/1605","targetHints":{"allow":["GET"]}}],"collection":[{"href":"https:\/\/www.czechcyclingfederation.com\/en\/wp-json\/wp\/v2\/kralcyklistiky"}],"about":[{"href":"https:\/\/www.czechcyclingfederation.com\/en\/wp-json\/wp\/v2\/types\/kralcyklistiky"}],"wp:featuredmedia":[{"embeddable":true,"href":"https:\/\/www.czechcyclingfederation.com\/en\/wp-json\/wp\/v2\/media\/514"}],"wp:attachment":[{"href":"https:\/\/www.czechcyclingfederation.com\/en\/wp-json\/wp\/v2\/media?parent=1605"}],"wp:term":[{"taxonomy":"category","embeddable":true,"href":"https:\/\/www.czechcyclingfederation.com\/en\/wp-json\/wp\/v2\/categories?post=1605"},{"taxonomy":"post_tag","embeddable":true,"href":"https:\/\/www.czechcyclingfederation.com\/en\/wp-json\/wp\/v2\/tags?post=1605"}],"curies":[{"name":"wp","href":"https:\/\/api.w.org\/{rel}","templated":true}]}}

2001 – Tomáš Konečný
